the prime factors of 37591?
37591
What are the prime factors of 686?
2, 7
What are the prime factors of 114?
2, 3, 19
List the prime factors of 57104.
2, 43, 83
What are the prime factors of 27068?
2, 67, 101
List the prime factors of 1290.
2, 3, 5, 43
What are the prime factors of 2049?
3, 683
What are the prime factors of 2505?
3, 5, 167
What are the prime factors of 5994?
2, 3, 37
List the prime factors of 315.
3, 5, 7
What are the prime factors of 1926?
2, 3, 107
What are the prime factors of 5451?
3, 23, 79
What are the prime factors of 27247?
11, 2477
List the prime factors of 274.
2, 137
What are the prime factors of 2269?
2269
What are the prime factors of 40494?
2, 3, 17, 397
List the prime factors of 391.
17, 23
List the prime factors of 385.
5, 7, 11
List the prime factors of 8093.
8093
What are the prime factors of 22936?
2, 47, 61
What are the prime factors of 1569?
3, 523
List the prime factors of 1632.
2, 3, 17
List the prime factors of 713.
23, 31
List the prime factors of 768.
2, 3
What are the prime factors of 9460?
2, 5, 11, 43
List the prime factors of 97942.
2, 13, 3767
What are the prime factors of 94707?
3, 17, 619
What are the prime factors of 41873?
13, 3221
What are the prime factors of 8279?
17, 487
List the prime factors of 1674.
2, 3, 31
What are the prime factors of 1110?
2, 3, 5, 37
What are the prime factors of 18404?
2, 43, 107
List the prime factors of 68787.
3, 7643
What are the prime factors of 105348?
2, 3, 8779
List the prime factors of 6799.
13, 523
What are the prime factors of 37422?
2, 3, 7, 11
What are the prime factors of 13038?
2, 3, 41, 53
What are the prime factors of 2174?
2, 1087
What are the prime factors of 21504?
2, 3, 7
List the prime factors of 4270.
2, 5, 7, 61
What are the prime factors of 3153?
3, 1051
List the prime factors of 10649.
23, 463
List the prime factors of 12582.
2, 3, 233
What are the prime factors of 101?
101
What are the prime factors of 10615?
5, 11, 193
List the prime factors of 3833.
3833
List the prime factors of 18830.
2, 5, 7, 269
List the prime factors of 67303.
17, 37, 107
What are the prime factors of 30909?
3, 10303
What are the prime factors of 6567?
3, 11, 199
List the prime factors of 40302.
2, 3, 2239
List the prime factors of 13012.
2, 3253
List the prime factors of 45065.
5, 9013
What are the prime factors of 10441?
53, 197
What are the prime factors of 83461?
7, 11923
List the prime factors of 6438.
2, 3, 29, 37
List the prime factors of 52553.
52553
List the prime factors of 718.
2, 359
What are the prime factors of 32590?
2, 5, 3259
List the prime factors of 2325.
3, 5, 31
List the prime factors of 380.
2, 5, 19
List the prime factors of 630.
2, 3, 5, 7
List the prime factors of 12711.
3, 19, 223
What are the prime factors of 5452?
2, 29, 47
List the prime factors of 11758.
2, 5879
List the prime factors of 71419.
71419
What are the prime factors of 70281?
3, 19, 137
What are the prime factors of 13305?
3, 5, 887
What are the prime factors of 30859?
30859
List the prime factors of 47685.
3, 5, 11, 17
List the prime factors of 13040.
2, 5, 163
List the prime factors of 1034.
2, 11, 47
What are the prime factors of 62960?
2, 5, 787
What are the prime factors of 614?
2, 307
List the prime factors of 4287.
3, 1429
What are the prime factors of 764?
2, 191
List the prime factors of 1443.
3, 13, 37
List the prime factors of 507.
3, 13
List the prime factors of 48027.
3, 7, 2287
List the prime factors of 809.
809
What are the prime factors of 555?
3, 5, 37
What are the prime factors of 5937?
3, 1979
List the prime factors of 9027.
3, 17, 59
List the prime factors of 1340.
2, 5, 67
List the prime factors of 25083.
3, 929
What are the prime factors of 8150?
2, 5, 163
List the prime factors of 13563.
3, 11, 137
List the prime factors of 22123.
22123
List the prime factors of 3426.
2, 3, 571
List the prime factors of 42595.
5, 7, 1217
List the prime factors of 8873.
19, 467
List the prime factors of 1502.
2, 751
List the prime factors of 1661.
11, 151
List the prime factors of 12.
2, 3
What are the prime factors of 12895?
5, 2579
List the prime factors of 60620.
2, 5, 7, 433
What are the prime factors of 4611?
3, 29, 53
What are the prime factors of 4484?
2, 19, 59
What are the prime factors of 27488?
2, 859
List the prime factors of 723.
3, 241
What are the prime factors of 815?
5, 163
What are the prime factors of 5327?
7, 761
What are the prime factors of 8986?
2, 4493
What are the prime factors of 4824?
2, 3, 67
What are the prime factors of 4564?
2, 7, 163
What are the prime factors of 1304?
2, 163
What are the prime factors of 1413?
3, 157
List the prime factors of 3089.
3089
List the prime factors of 6369.
3, 11, 193
List the prime factors of 35282.
2, 13, 23, 59
What are the prime factors of 21449?
89, 241
List the prime factors of 3829.
7, 547
What are the prime factors of 4509?
3, 167
What are the prime factors of 6364?
2, 37, 43
List the prime factors of 156.
2, 3, 13
What are the prime factors of 8627?
8627
List the prime factors of 579.
3, 193
List the prime factors of 3988.
2, 997
What are the prime factors of 11120?
2, 5, 139
What are the prime factors of 5455?
5, 1091
List the prime factors of 12932.
2, 53, 61
What are the prime factors of 136413?
3, 23, 659
List the prime factors of 7461.
3, 829
What are the prime factors of 7824?
2, 3, 163
List the prime factors of 18818.
2, 97
What are the prime factors of 44359?
7, 6337
List the prime factors of 28396.
2, 31, 229
What are the prime factors of 4931?
4931
What are the prime factors of 41638?
2, 109, 191
List the prime factors of 417.
3, 139
List the prime factors of 2697.
3, 29, 31
List the prime factors of 1186.
2, 593
What are the prime factors of 2588?
2, 647
List the prime factors of 34122.
2, 3, 11, 47
List the prime factors of 45.
3, 5
List the prime factors of 15287.
15287
List the prime factors of 5257.
7, 751
What are the prime factors of 80002?
2, 13, 17, 181
List the prime factors of 985.
5, 197
What are the prime factors of 470?
2, 5, 47
List the prime factors of 7526.
2, 53, 71
List the prime factors of 4187.
53, 79
List the prime factors of 31332.
2, 3, 7, 373
List the prime factors of 3157.
7, 11, 41
List the prime factors of 2047.
23, 89
List the prime factors of 3035.
5, 607
List the prime factors of 6720.
2, 3, 5, 7
List the prime factors of 112405.
5, 22481
List the prime factors of 2616.
2, 3, 109
What are the prime factors of 3865?
5, 773
List the prime factors of 824.
2, 103
What are the prime factors of 147?
3, 7
What are the prime factors of 3725?
5, 149
List the prime factors of 80691.
3, 13, 2069
What are the prime factors of 15534?
2, 3, 863
List the prime factors of 9637.
23, 419
List the prime factors of 3824.
2, 239
What are the prime factors of 3548?
2, 887
What are the prime factors of 1445?
5, 17
List the prime factors of 1606.
2, 11, 73
List the prime factors of 2818.
2, 1409
What are the prime factors of 24213?
3, 7, 1153
What are the prime factors of 2317?
7, 331
List the prime factors of 1048.
2, 131
List the prime factors of 25713.
3, 2857
What are the prime factors of 7975?
5, 11, 29
What are the prime factors of 2474?
2, 1237
What are the prime factors of 94115?
5, 7, 2689
List the prime factors of 425.
5, 17
What are the prime factors of 2845?
5, 569
What are the prime factors of 33485?
5, 37, 181
What are the prime factors of 107155?
5, 29, 739
What are the prime factors of 5677?
7, 811
What are the prime factors of 82?
2, 41
What are the prime factors of 1277?
1277
What are the prime factors of 74053?
7, 71, 149
List the prime factors of 708.
2, 3, 59
List the prime factors of 1470.
2, 3, 5, 7
List the prime factors of 49935.
3, 5, 3329
List the prime factors of 2803.
2803
What are the prime factors of 685?
5, 137
What are the prime factors of 8519?
7, 1217
List the prime factors of 4913.
17
What are the prime factors of 3914?
2, 19, 103
What are the prime factors of 623?
7, 89
What are the prime factors of 1486?
2, 743
What are the prime factors of 580?
2, 5, 29
What are the prime factors of 30164?
2, 7541
What are the prime factors of 665?
5, 7, 19
What are the prime factors of 8554?
2, 7, 13, 47
What are the prime factors of 23566?
2, 11783
List t